tor of 2653314300?
True
Is 467 a factor of 244862935?
False
Does 1128 divide 17409552?
True
Is 2194996616 a multiple of 34?
True
Is 7 a factor of 1383920719?
False
Is 12505500 a multiple of 500?
True
Is 10 a factor of 2755476670?
True
Is 3348849 a multiple of 7?
True
Is 7672371 a multiple of 10?
False
Does 5 divide 5769172?
False
Does 1485 divide 100718008?
False
Does 2829 divide 98085161?
False
Is 212690671 a multiple of 312?
False
Does 23 divide 2106895275?
False
Is 62730526 a multiple of 3695?
False
Is 70853224 a multiple of 37?
True
Does 60 divide 397429999?
False
Does 168 divide 19594680?
True
Does 1738 divide 319798955?
False
Does 929 divide 53026391?
True
Is 24 a factor of 6260271?
False
Is 404681102 a multiple of 98?
True
Does 120 divide 128490973?
False
Does 39 divide 25872586?
False
Is 49 a factor of 497007?
True
Does 92 divide 366493767?
False
Is 10 a factor of 27315?
False
Is 8176540 a multiple of 318?
False
Does 22 divide 58292164?
False
Is 126 a factor of 4514703480?
True
Is 586 a factor of 135993020?
True
Is 6846930 a multiple of 15?
True
Is 6947499 a multiple of 39?
True
Is 98159038 even?
True
Is 22 a factor of 273714135?
False
Is 74506545 a multiple of 115?
True
Is 114 a factor of 143463984?
True
Is 201 a factor of 1957184838?
True
Is 75976600 a multiple of 280?
True
Does 876 divide 1328931153?
False
Does 588 divide 27145595?
False
Does 45 divide 38516606?
False
Is 2114366640 a multiple of 40?
True
Is 56586402 a multiple of 423?
True
Is 9247 a factor of 806403036?
False
Is 26 a factor of 77784512?
True
Does 965 divide 34610507?
False
Is 73 a factor of 51787828?
False
Is 566 a factor of 211747958?
True
Is 1570057342 a multiple of 12?
False
Does 10 divide 4793467?
False
Does 1984 divide 1934189063?
False
Is 121 a factor of 12225205?
False
Is 150 a factor of 551596137?
False
Is 18404140 a multiple of 460?
True
Is 13 a factor of 152959881?
False
Is 203 a factor of 104422794?
True
Is 14 a factor of 148312732?
False
Does 89 divide 82849394?
False
Is 442135326 a multiple of 226?
True
Does 25 divide 590323008?
False
Does 8421 divide 52782828?
True
Is 1067 a factor of 189526942?
True
Is 722776518 a multiple of 138?
True
Is 332951346 a multiple of 186?
True
Is 134 a factor of 88828466?
True
Is 210515723 a multiple of 174?
False
Does 1083 divide 25131109?
False
Is 3995 a factor of 820097919?
False
Is 896461922 a multiple of 5296?
False
Is 7523851 a multiple of 3?
False
Is 377 a factor of 393633571?
False
Is 1124 a factor of 114084809?
False
Does 59 divide 212910616?
False
Is 564654690 a multiple of 1418?
True
Is 2247 a factor of 327817077?
True
Does 3664 divide 644887553?
False
Is 98 a factor of 911235836?
False
Is 2002 a factor of 1777583586?
False
Is 17773223 a multiple of 136?
False
Is 3724 a factor of 120225616?
True
Is 246 a factor of 846297318?
True
Is 155419244 a multiple of 865?
False
Does 1030 divide 1646399203?
False
Is 1920 a factor of 1980385920?
True
Is 8 a factor of 103456?
True
Is 249 a factor of 100179174?
True
Is 117697104 a multiple of 108?
True
Does 615 divide 394930340?
False
Is 2081 a factor of 782980412?
True
Is 175036990 a multiple of 472?
False
Is 35 a factor of 51417386?
False
Does 33 divide 3275778?
True
Does 248 divide 268083040?
True
Is 471095632 a multiple of 327?
False
Does 4 divide 16926491?
False
Is 691849339 a multiple of 15?
False
Is 2808 a factor of 11167416?
True
Is 25001744 a multiple of 752?
True
Does 8 divide 93577192?
True
Is 270023968 a multiple of 32?
True
Does 806 divide 113554922?
True
Is 37 a factor of 26483009?
True
Is 1042 a factor of 2363682178?
True
Is 54961941 a multiple of 5029?
True
Is 72005796 a multiple of 467?
True
Is 1490 a factor of 60224427?
False
Is 1432 a factor of 4907964499?
False
Does 73 divide 1382157518?
False
Does 22 divide 73884757?
False
Does 8 divide 193088?
True
Is 140 a factor of 583782920?
True
Is 140 a factor of 28336000?
True
Is 25125737 a multiple of 469?
True
Does 265 divide 92750265?
True
Is 5628193169 a multiple of 14?
False
Does 736 divide 152888441?
False
Does 48 divide 29401815?
False
Is 581 a factor of 16210696?
False
Does 88 divide 260970025?
False
Is 26904588 a multiple of 14?
False
Is 19 a factor of 581862384?
True
Is 3 a factor of 6841787?
False
Is 11904104 a multiple of 328?
True
Does 5 divide 94805?
True
Is 34 a factor of 463126852?
True
Is 922252362 a multiple of 114?
True
Is 131621409 a multiple of 27?
True
Is 2029625291 a multiple of 4307?
False
Is 9 a factor of 3212964?
True
Is 117 a factor of 1399870017?
True
Does 683 divide 406047598?
True
Is 31953913 a multiple of 125?
False
Does 16 divide 3187280?
True
Is 25 a factor of 341613125?
True
Is 3196314820 a multiple of 10?
True
Does 1214 divide 2355819202?
True
Does 37 divide 1807674903?
False
Is 865282983 a multiple of 123?
True
Does 369 divide 222687810?
True
Is 1068463852 a multiple of 547?
True
Does 51 divide 285528571?
False
Is 737661890 a multiple of 1330?
True
Does 8 divide 3414960?
True
Is 2260587615 a multiple of 1131?
False
Is 1160 a factor of 576404894?
False
Is 36 a factor of 57289212?
True
Is 23994601 a multiple of 299?
False
Is 196061616 a multiple of 21?
False
Is 105 a factor of 2227901?
False
Is 234 a factor of 80197884?
True
Is 162 a factor of 202923630?
True
Does 93 divide 178597709?
False
Is 27 a factor of 74895477?
False
Does 1964 divide 107648039?
False
Is 136733018 a multiple of 39?
False
Is 101 a factor of 53214375?
True
Does 160 divide 38610240?
True
Is 280582112 a multiple of 8?
True
Does 903 divide 538296360?
True
Does 2063 divide 105002574?
True
Is 772 a factor of 338091224?
True
Does 84 divide 105695352?
True
Is 903 a factor of 80165575?
False
Is 810701352 a multiple of 18?
True
Is 16780549 a multiple of 81?
False
Is 2 a factor of 51984512?
True
Is 14 a factor of 184744897?
False
Does 7 divide 564821333?
False
Does 182 divide 534417156?
True
Is 398 a factor of 5127699466?
True
Is 1656 a factor of 6438528?
True
Does 21 divide 26881344?
True
Does 47 divide 1205644?
True
Does 206 divide 1778093326?
True
Does 95 divide 3229751385?
True
Does 10 divide 20917180?
True
Is 151348278 a multiple of 379?
False
Is 6170 a factor of 1185078070?
True
Is 19 a factor of 399536769?
True
Is 7941 a factor of 1280373734?
False
Is 730181790 a multiple of 1755?
True
Does 93 divide 35532348?
False
Does 71 divide 11925747?
False
Is 3 a factor of 9658690?
False
Is 409 a factor of 2142036?
False
Is 1506 a factor of 74329827?
False
Is 80634195 a multiple of 15?
True
Is 32331079 a multiple of 1000?
False
Is 18538344 a multiple of 267?
True
Is 909 a factor of 42049969?
False
Does 4176 divide 1676288160?
True
Does 2533 divide 826226460?
False
Is 6 a factor of 43534573?
False
Is 308 a factor of 27482212?
False
Does 193 divide 17141450?
False
Is 66 a factor of 101261556?
True
Does 5 divide 18232097?
False
Does 484 divide 36644608?
True
Does 2173 divide 367957114?
False
Is 94509800 a multiple of 3610?
True
Does 61 divide 54230217?
False
Does 29 divide 21199957?
True
Is 41 a factor of 6161289?
False
Is 193 a factor of 73872007?
False
Does 14 divide 4520068?
True
Does 7 divide 51282336?
True
Is 37248477 a multiple of 26?
False
Is 73124971 a multiple of 90?
False
Is 299 a factor of 34649615?
True
Does 995 divide 196802045?
True
Does 430 divide 2036910?
True
Does 2 divide 202912128?
True
Is 774 a factor of 39474774?
True
Is 15 a factor of 753557287?
False
Does 2 divide 103517570?
True
Is 16 a factor of 158379869?
False
Does 551 divide 176278675?
True
Is 583210171 a multiple of 1249?
False
Does 7 divide 74745728?
False
Does 783 divide 381068091?
True
Is 47123496 a multiple of 4?
True
Is 117267462 a multiple of 1989?
True
Does 559 divide 40184274?
True
Is 6 a factor of 39578634?
True
Is 1254818715 a multiple of 511?
False
Is 219 a factor of 260268579?
True
Is 1077525725 a multiple of 533?
False
Is 2638959510 a multiple of 14?
False
Is 2240436 a multiple of 1607?
False
Is 12536898 a multiple of 22?
True
Does 113 divide 9319110?
True
Is 574973376 a multiple of 632?
True
Does 13 divide 5459597?
True
Is 20 a factor of 159361600?
True
Is 231 a factor of 670442525?
False
Does 9 divide 9347760?
True
Is 21 a factor of 993736817?
False
Is 202 a factor of 55704732?
True
Is 13 a factor of 223649101?
True
Is 336451580 